rs of 2190742424.
2, 13, 233, 90407
What are the prime factors of 1252262399?
1252262399
What are the prime factors of 258481280?
2, 5, 403877
What are the prime factors of 371199091?
43, 47, 61, 3011
List the prime factors of 1635518097.
3, 11821, 15373
What are the prime factors of 762666248?
2, 379, 251539
List the prime factors of 177675589.
7, 13, 1952479
List the prime factors of 42536720.
2, 5, 17, 31277
What are the prime factors of 991237713?
3, 330412571
List the prime factors of 902950749.
3, 41, 2447021
What are the prime factors of 2005686058?
2, 269, 3728041
List the prime factors of 14869885.
5, 71, 41887
What are the prime factors of 1257328?
2, 78583
List the prime factors of 28945546.
2, 7, 23, 241, 373
What are the prime factors of 209359931?
11, 19032721
What are the prime factors of 5822106?
2, 3, 970351
List the prime factors of 22483827.
3, 37, 251, 269
List the prime factors of 195092633.
79, 241, 10247
List the prime factors of 19526927.
7, 19, 146819
What are the prime factors of 52164445?
5, 10432889
List the prime factors of 2417223071.
23629, 102299
List the prime factors of 645486765.
3, 5, 7, 11, 558863
List the prime factors of 724331371.
724331371
What are the prime factors of 293310526?
2, 146655263
List the prime factors of 173119146.
2, 3, 19, 1518589
What are the prime factors of 19235202?
2, 3, 7, 457981
List the prime factors of 1602958148.
2, 11, 3311897
List the prime factors of 614930584.
2, 3511, 21893
What are the prime factors of 2679129502?
2, 7, 41, 4667473
List the prime factors of 2408310182.
2, 1204155091
List the prime factors of 32578374.
2, 3, 5429729
What are the prime factors of 266464985?
5, 53292997
List the prime factors of 108475351.
17, 19, 167, 2011
What are the prime factors of 517943497?
61, 8490877
List the prime factors of 6037589409.
3, 2012529803
List the prime factors of 584200054.
2, 292100027
What are the prime factors of 916407898?
2, 7, 9351101
List the prime factors of 2236426.
2, 179, 6247
What are the prime factors of 891878314?
2, 23, 997, 19447
What are the prime factors of 616540514?
2, 173, 313, 5693
What are the prime factors of 584315966?
2, 13, 23, 167, 5851
What are the prime factors of 6025997?
29, 31, 6703
What are the prime factors of 203314104?
2, 3, 7, 47, 2861
List the prime factors of 793781669.
359, 613, 3607
What are the prime factors of 1057589307?
3, 563, 208721
What are the prime factors of 9681032?
2, 19, 63691
List the prime factors of 38845845.
3, 5, 287747
List the prime factors of 356190316.
2, 53, 59, 28477
List the prime factors of 58804345.
5, 1553, 7573
What are the prime factors of 1957837982?
2, 978918991
List the prime factors of 337227049.
1217, 277097
List the prime factors of 492210553.
71, 6932543
List the prime factors of 356794.
2, 178397
What are the prime factors of 291476036?
2, 19, 257, 14923
What are the prime factors of 103031709?
3, 11, 3122173
List the prime factors of 540136808.
2, 31, 2177971
What are the prime factors of 3712830160?
2, 5, 13, 227, 15727
List the prime factors of 141781481.
141781481
What are the prime factors of 188728236?
2, 3, 5242451
What are the prime factors of 202916456?
2, 3203, 7919
List the prime factors of 376102685.
5, 7, 673, 2281
What are the prime factors of 78209403?
3, 107, 243643
What are the prime factors of 5229028894?
2, 2614514447
What are the prime factors of 1743876348?
2, 3, 145323029
List the prime factors of 63621366.
2, 3, 10603561
What are the prime factors of 56998264?
2, 7124783
What are the prime factors of 1152450194?
2, 7, 257, 320303
List the prime factors of 135996746.
2, 23, 2956451
What are the prime factors of 1804766225?
5, 73, 149, 6637
What are the prime factors of 73638558?
2, 3, 7, 64937
List the prime factors of 726406241.
11, 101, 653831
What are the prime factors of 3088317150?
2, 3, 5, 61, 112507
List the prime factors of 407232692.
2, 757, 134489
List the prime factors of 1483968204.
2, 3, 151, 272989
List the prime factors of 45904279.
457, 100447
List the prime factors of 227652052.
2, 853, 66721
List the prime factors of 53699121.
3, 7, 852367
What are the prime factors of 182675031?
3, 7, 11, 29, 37, 67
List the prime factors of 3738084938.
2, 7, 267006067
List the prime factors of 1345575699.
3, 13, 233, 16453
What are the prime factors of 20663463?
3, 6887821
List the prime factors of 1288281275.
5, 51531251
List the prime factors of 1763251951.
17, 2713, 38231
What are the prime factors of 2253579506?
2, 1126789753
What are the prime factors of 56080821?
3, 18693607
What are the prime factors of 2815880380?
2, 5, 140794019
What are the prime factors of 296740086?
2, 3, 661, 74821
What are the prime factors of 1020042199?
11, 92731109
List the prime factors of 157441626.
2, 3, 8746757
List the prime factors of 1173715631.
11, 47, 757, 2999
What are the prime factors of 1285521876?
2, 3, 2549, 14009
What are the prime factors of 148283597?
7, 11, 449, 4289
List the prime factors of 156303651.
3, 7, 37, 201163
What are the prime factors of 5413042?
2, 227, 11923
What are the prime factors of 1691841568?
2, 2297, 23017
List the prime factors of 54210975.
3, 5, 7, 13, 47
What are the prime factors of 19634371?
17, 67939
What are the prime factors of 148252297?
3491, 42467
What are the prime factors of 1011642671?
13, 307, 253481
What are the prime factors of 24201898?
2, 7, 47, 36781
What are the prime factors of 1977577396?
2, 29, 43, 449, 883
List the prime factors of 79411715.
5, 29, 257, 2131
List the prime factors of 71232871.
47, 179, 8467
What are the prime factors of 1995898826?
2, 1297, 769429
What are the prime factors of 1661995493?
19, 3217, 27191
List the prime factors of 230959073.
1063, 217271
List the prime factors of 530415429.
3, 176805143
What are the prime factors of 727029453?
3, 31, 83, 97, 971
What are the prime factors of 120786243?
3, 97, 415073
What are the prime factors of 305076625?
5, 7, 151, 2309
List the prime factors of 44407659.
3, 37, 400069
List the prime factors of 400176792.
2, 3, 911, 6101
List the prime factors of 830749190.
2, 5, 23, 829, 4357
What are the prime factors of 1417242609?
3, 359, 146213
What are the prime factors of 90749209?
1609, 56401
What are the prime factors of 44885823?
3, 29, 515929
What are the prime factors of 116364970?
2, 5, 41, 283817
List the prime factors of 4988976704.
2, 167, 607, 769
List the prime factors of 485214691.
13, 37324207
What are the prime factors of 1250792301?
3, 11, 29, 569, 2297
List the prime factors of 4172485458.
2, 3, 41, 97, 174859
What are the prime factors of 368254180?
2, 5, 7, 29, 90703
What are the prime factors of 950512653?
3, 17, 53, 251, 467
List the prime factors of 9972435.
3, 5, 11, 19, 3181
List the prime factors of 125968156.
2, 43, 732373
List the prime factors of 100829486.
2, 50414743
What are the prime factors of 275687227?
275687227
List the prime factors of 4659238984.
2, 23, 25321951
List the prime factors of 248988245.
5, 11, 647, 6997
What are the prime factors of 1495919458?
2, 11, 83, 271, 3023
List the prime factors of 6233432.
2, 733, 1063
What are the prime factors of 329746615?
5, 11, 19, 315547
What are the prime factors of 4730855706?
2, 3, 653, 4969
What are the prime factors of 17532646?
2, 29, 302287
What are the prime factors of 2211052266?
2, 3, 17, 7225661
What are the prime factors of 36627445?
5, 757, 9677
List the prime factors of 125819978.
2, 43, 59, 137, 181
What are the prime factors of 2333597726?
2, 31, 37638673
List the prime factors of 107266026.
2, 3, 7, 367, 6959
What are the prime factors of 712268773?
4549, 156577
What are the prime factors of 47141320?
2, 5, 1178533
List the prime factors of 747745222.
2, 7, 29, 163, 11299
List the prime factors of 7567935024.
2, 3, 13, 1321, 9181
List the prime factors of 441209132.
2, 7, 13, 29, 853
List the prime factors of 222013795.
5, 17, 83, 31469
List the prime factors of 1571321231.
1571321231
What are the prime factors of 61468324?
2, 59, 181, 1439
List the prime factors of 97530733.
97530733
What are the prime factors of 627089657?
107, 5860651
List the prime factors of 164190363.
3, 41, 1334881
What are the prime factors of 2676623661?
3, 6217, 47837
List the prim